 = -w**3 - 13*w**2 + 12*w - 8. What is j(-14)?
20
Let w(v) = -v**3 + 16*v**2 - 15*v - 4. Give w(15).
-4
Let s(i) = 6*i**2 - 72*i + 69. Determine s(11).
3
Let j(s) = s**2 + 6*s - 72. Give j(-11).
-17
Let k(s) = s**3 - 3*s**2 + 5*s - 2. Calculate k(3).
13
Let c(k) = -k**3 - 5*k**2 - k + 18. Determine c(-4).
6
Let b(s) = 19*s**3 - s**2 + 2*s + 2. What is b(-1)?
-20
Let m(s) = s**3 - 11*s**2 + 14*s + 6. Determine m(7).
-92
Let n(t) = 31*t + 886. Give n(-28).
18
Let w(q) = q**2 - 4*q. Give w(-6).
60
Let h(l) = -l**3 + 7*l**2 + 6*l - 24. What is h(7)?
18
Let c(p) = -p**3 - 4*p**2 + 4*p - 14. What is c(-5)?
-9
Let a(v) = -11*v - 126. Calculate a(-12).
6
Let b(y) = -7*y - 2. Calculate b(-3).
19
Let z(t) = -t**2 + 2*t - 9. Give z(2).
-9
Let n(y) = -y**2 - 23*y - 79. Give n(-19).
-3
Let h(w) = 6*w**2 - 34*w + 18. Give h(5).
-2
Let m(o) = o**3 - 2*o**2 + o + 8. Give m(5).
88
Let x(q) = -q**2 - 3*q + 41. Determine x(-8).
1
Let v(z) = z**2 - z + 6. Determine v(-6).
48
Let v(g) = 33*g + 556. Calculate v(-17).
-5
Let q(t) = -t**2 + 6*t + 31. Determine q(9).
4
Let l(u) = 3*u**2 + 10*u + 24. Determine l(-6).
72
Let n(u) = -8*u**2 - 7*u + 5. Calculate n(1).
-10
Let b(n) = n**3 - n**2 + 17*n - 112. Determine b(4).
4
Let n(p) = -2*p - 3. What is n(-7)?
11
Let o(s) = -10*s - 7. What is o(-3)?
23
Let n(o) = -4*o. Calculate n(5).
-20
Let y(u) = -u**2 + 4*u - 13. What is y(7)?
-34
Let g(q) = 5*q + 1. Calculate g(-2).
-9
Let d(n) = -n**2 - 46*n + 558. Determine d(-56).
-2
Let v(d) = -4*d**2 + 23*d + 7. Calculate v(6).
1
Let b(l) = 18*l - 1. Give b(1).
17
Let l(t) = -39*t - 5. What is l(-2)?
73
Let w(y) = -y**2 - 12*y + 285. What is w(-24)?
-3
Let i(t) = -t**3 - 3*t**2 + 8*t - 3. Calculate i(2).
-7
Let u(v) = -v**3 + 4*v**2 - 3*v. Calculate u(2).
2
Let v(r) = 16*r - 100. Calculate v(5).
-20
Let d(b) = 4*b**3 + 3*b**2 + 4*b - 2. Determine d(2).
50
Let k(a) = a**2 - 13*a - 12. What is k(13)?
-12
Let c(h) = h**2 - 6*h - 10. Give c(8).
6
Let y(s) = -s**2 - 6*s - 9. What is y(-8)?
-25
Let u(i) = i**3 + 11*i**2 - 3*i - 1. What is u(-11)?
32
Let b(l) = 2*l**2 - 2*l - 4. Determine b(3).
8
Let q(r) = 2*r + 81. Give q(-35).
11
Let v(p) = -p - 40. What is v(0)?
-40
Let s(c) = -c**2 + 21*c + 169. What is s(27)?
7
Let v(s) = -3*s + 9. Calculate v(-8).
33
Let b(p) = -p**2 + 17*p + 18. Give b(15).
48
Let a(c) = -c**3 + 11*c**2 - 8*c - 5. Give a(10).
15
Let u(d) = -9*d - 24. What is u(-6)?
30
Let s(j) = -2*j**2 + 49*j + 15. What is s(25)?
-10
Let l(s) = -s**3 - 9*s**2 - s + 6. Calculate l(-9).
15
Let y(b) = b + 20. What is y(14)?
34
Let d(i) = 5*i + 24. What is d(4)?
44
Let p(l) = -l**3 - 4*l**2 - 6*l - 4. Determine p(-4).
20
Let q(r) = r**2 + 2*r - 2. Calculate q(2).
6
Let u(s) = -s - 20. Determine u(-23).
3
Let r(f) = f - 8. Give r(8).
0
Let a(b) = -b**3 - 48*b**2 - 96*b - 197. What is a(-46)?
-13
Let k(p) = -7*p - 109. Give k(-18).
17
Let v(b) = -3*b**2 + 9*b - 9. Give v(5).
-39
Let p(t) = -t + 13. Determine p(4).
9
Let u(f) = 3*f**2 - 17*f - 14. Calculate u(6).
-8
Let b(g) = g**3 + 7*g**2 - 11*g - 1. Give b(-8).
23
Let h(g) = -g**3 - 7*g**2 - 5*g + 2. What is h(-4)?
-26
Let n(m) = -23*m - 280. Give n(-12).
-4
Let w(g) = -g**2 - 9*g + 6. What is w(-8)?
14
Let l(t) = -t**3 + 4*t**2 - 5*t + 3. What is l(3)?
-3
Let a(k) = 10*k - 65. Calculate a(6).
-5
Let k(n) = 2*n - 27. Calculate k(12).
-3
Let l(w) = -w**2 - 18*w - 21. What is l(-13)?
44
Let w(i) = -i**2 + 2*i + 44. Determine w(9).
-19
Let n(x) = x - 1. Calculate n(-7).
-8
Let a(o) = -o**3 + 17*o**2 + 15*o + 55. Calculate a(18).
1
Let a(n) = 4*n - 10. Determine a(-2).
-18
Let f(l) = -l - 10. What is f(10)?
-20
Let p(y) = -y**3 - 8*y**2 + 3*y + 26. Determine p(-8).
2
Let q(y) = 2*y**2 + 11*y - 12. Determine q(-7).
9
Let k(c) = -c**2 + 26*c - 94. Give k(5).
11
Let h(u) = -9*u + 560. Give h(62).
2
Let y(o) = 7*o**2 - 4*o - 3. Calculate y(-2).
33
Let v(u) = -u**3 + 10*u**2 - 10*u + 6. Calculate v(9).
-3
Let u(j) = -j**2 - 5*j - 5. Calculate u(-4).
-1
Let w(m) = 9*m. Give w(-1).
-9
Let y(s) = s**2 - 7*s + 10. Determine y(6).
4
Let i(m) = -m + 5. Determine i(4).
1
Let u(h) = 4*h**2 + 5*h - 7. What is u(-5)?
68
Let v(r) = -r**2 + r + 24. What is v(-6)?
-18
Let s(m) = -m**2 - 8*m + 29. Calculate s(-12).
-19
Let b(u) = 4*u**2 - u + 3. Calculate b(3).
36
Let x(g) = g**3 - 4*g**2 - 2*g + 4. Give x(4).
-4
Let r(o) = 6*o + 12. Calculate r(-6).
-24
Let i(r) = -r**3 - 15*r**2 - 2*r + 23. What is i(-15)?
53
Let d(i) = i**2 + 13*i + 8. Determine d(-9).
-28
Let o(a) = -2*a - 46. Give o(-20).
-6
Let s(y) = 3*y + 24. What is s(-12)?
-12
Let y(h) = -h**2 - 11*h - 12. Calculate y(-10).
-2
Let r(x) = x**3 + 28*x**2 - 28*x + 32. Give r(-29).
3
Let m(j) = j**2 - 32*j + 65. Calculate m(30).
5
Let b(q) = -30*q + 150. What is b(5)?
0
Let x(q) = q**3 - q**2 - 4*q - 4. Determine x(-2).
-8
Let b(w) = -w**3 - w**2 - 13. Determine b(0).
-13
Let q(r) = -2*r - 16. What is q(-5)?
-6
Let t(c) = c + 7. Calculate t(-4).
3
Let m(i) = -i - 16. What is m(-8)?
-8
Let b(a) = a**3 - 21*a**2 - 20*a - 49. Determine b(22).
-5
Let p(w) = -16*w - 184. What is p(-10)?
-24
Let w(y) = -3*y + 5. Calculate w(-3).
14
Let w(i) = -3*i - 24. Calculate w(-8).
0
Let y(v) = -6*v - 34. What is y(-5)?
-4
Let g(z) = -z**3 - 10*z**2 + 12*z + 15. What is g(-11)?
4
Let r(c) = 6*c + 32. What is r(-12)?
-40
Let d(c) = c**2 + 4*c + 1. Determine d(-3).
-2
Let d(g) = -g**3 + 3*g**2 + 20*g + 9. What is d(6)?
21
Let f(p) = -13*p - 87. Calculate f(-7).
4
Let m(y) = -6*y**2 + 41*y + 4. Give m(7).
-3
Let f(a) = -a**3 + 6*a**2 + 29*a - 14. Calculate f(9).
4
Let o(g) = -g**2 - 20*g - 91. Determine o(-13).
0
Let d(l) = -9*l + 279. Determine d(33).
-18
Let f(a) = -7*a + 64. Calculate f(8).
8
Let i(h) = -h. Give i(0).
0
Let n(u) = 8*u - 8. Calculate n(1).
0
Let a(s) = s**3 - 55*s**2 - 3. Calculate a(55).
-3
Let c(x) = x**3 + 33*x**2 + 61*x - 35. Calculate c(-31).
-4
Let p(c) = -c**2 - 29*c - 48. What is p(-28)?
-20
Let t(c) = 5*c**2 + 21*c - 2. Calculate t(-4).
-6
Let x(y) = 79*y**2 - 5*y - 3. What is x(-1)?
81
Let q(f) = -f**3 + 6*f**2 + 3*f + 6. Determine q(5).
46
Let t(f) = 2*f**2 + 10*f + 7. Determine t(-3).
-5
Let a(g) = -9*g - 6. Calculate a(2).
-24
Let u(f) = -63*f + 329. Calculate u(5).
14
Let i(k) = -k**3 - 11*k**2 - 11*k + 12. What is i(-10)?
22
Let j(a) = -a - 10. What is j(20)?
-30
Let t(w) = 4*w - 10. Determine t(-6).
-34
Let u(t) = 4*t + 33. Give u(2).
41
Let f(h) = 4*h**2 + 73*h - 47. Give f(-19).
10
Let a(u) = -u - 1. Determine a(5).
-6
Let r(n) = -42*n**2 - 3*n - 1. Determine r(-1).
-40
Let t(o) = 8*o + 111. Determine t(-4).
79
Let s(x) = -x**2 - 3*x + 2. Calculate s(2).
-8
Let u(k) = k**2 + 5*k - 24. Determine u(-7).
-10
Let x(a) = 3*a - 5. Determine x(5).
10
Let i(z) = 3*z**2 - 4*z + 1. What is i(3)?
16
Let z(q) = q**3 - 2*q**2 - 3. Determine z(3).
6
Let k(r) = 3*r + 12. Give k(0).
12
Let b(k) = -4*k**2 - 3*k + 3. Calculate b(-4).
-49
Let m(o) = -o**3 + 10*o**2 + o - 8. Calculate m(10).
2
Let r(f) = 2*f**2 - 2*f - 1. Determine r(2).
3
Let b(v) = v**2 - v - 12. Give b(4).
0
Let p(l) = l**2 + 29*l + 192. Give p(-18).
-6
Let o(y) = -9*y + 160. What is o(19)?
-11
Let p(c) = -65*c - 127. Give p(-2).
3
Let x(g) = -g**2 - 13*g - 15. Calculate x(-6).
27
Let c(n) = 17*n + 90. Give c(-5).
5
Let l(u) = u**2 + 17*u + 31. Give l(-15).
1
Let y(t) = t**3 + 5*t**2 - 7*t - 10. Give y(-5).
25
Let a(s) = -14*s + 34. What is a(4)?
-22
Let z(y) = -69*y**2 + 1. Calculate z(-1).
-68
Let v(n) = -30*n - 18. Give v(-5).
132
Let z(i) = i**2 + i + 7. What is z(0)?
7
Let u(h) = 3*h**2 - 3. Determine u(2).
9
Let l(h) = 14*h**2 - 8*h - 1. Determine l(-1).
21
Let p(y) = 6*y**2 + 4*y - 38. Determine p(-3).
4
Let b(l) = l**3 - 14*l**2 + 9*l + 19. Determine b(13).
-33
Let n(p) = -3*p**2 + 40*p - 71. Calculate n(11).
6
Let g(l) = -5*l - 89. Give g(-14).
-19
Let i(v) = -6*v + 11. Determine i(6).
-25
Let r(j) = j**2 - 29*j - 10. What is r(29)?
-10
Let i(h) = -h + 1. Calculate i(0).
1
Let a(i) = i - 6. Determine a(4).
-2
Let s(r) = r**3 + 4*r**2 - 3*r + 6. Determine s(2).
24
Let y(l) = 30*l - 293. Determine y(10).
7
Let l(a) = a**2 - 7*a - 57. Give l(10).
-27
Let d(s) = 37*s + 514. What is d(-14)?
-4
Let i(f) = 2*f + 7. Give i(-17).
-27
Let s(o) = o - 3. Determine s(11).
8
Let p(c) = -58*c**3 - 2*c**2 + 1. Determine p(-1).
57
Le